{"id":834,"date":"2022-04-19T11:34:31","date_gmt":"2022-04-19T09:34:31","guid":{"rendered":"http:\/\/galaxy.agh.edu.pl\/~madejski\/?page_id=834"},"modified":"2025-11-04T09:57:45","modified_gmt":"2025-11-04T08:57:45","slug":"lab-modeling-and-simulations","status":"publish","type":"page","link":"https:\/\/galaxy.agh.edu.pl\/~madejski\/lab-modeling-and-simulations\/","title":{"rendered":"Modeling and Simulations"},"content":{"rendered":"\n<p class=\"has-text-align-center\"><strong>Laboratorium Komputerowego Modelowania Proces\u00f3w Cieplnych i Przep\u0142ywowych w Energetyce<\/strong><\/p>\n\n\n\n<p><strong>Mo\u017cliwo\u015bci badawcze\/pomiarowe<\/strong>:<\/p>\n\n\n\n<p>Laboratorium dysponuje wysokowydajnym sprz\u0119tem komputerowym wraz z oprogramowaniem umo\u017cliwiaj\u0105cym prowadzenie z\u0142o\u017conych analiz i symulacji w zakresie pe\u0142nowymiarowego projektowania z wykorzystaniem narz\u0119dzi typu CAD, modelowania zjawisk z zastosowaniem metod CFD, modelowania system\u00f3w energetycznych (modelowanie procesowe), oraz analiz nieregularnych struktur porowatych. W laboratorium testowane i wykorzystywane s\u0105 metody oraz narz\u0119dzia numeryczne znajduj\u0105ce zastosowanie w analizach proces\u00f3w cieplnych, przep\u0142ywowych, spalania, a tak\u017ce w analizach obieg\u00f3w termodynamicznych stosowanych w technologiach\u00a0 energetycznych. Laboratorium wyposa\u017cone jest w:<\/p>\n\n\n\n<ul class=\"wp-block-list\">\n<li>3 wysokowydajne stacje robocze, <\/li>\n\n\n\n<li>profesjonalne oprogramowanie typu CAD, CFD, <\/li>\n\n\n\n<li>oprogramowane do modelowania, symulacji i optymalizacji system\u00f3w energetycznych, <\/li>\n\n\n\n<li>drukarki 3D oraz skaner 3D, <\/li>\n\n\n\n<li>kamer\u0119 szybkoklatkow\u0105,<\/li>\n\n\n\n<li>kamer\u0119 termowizyjn\u0105,<\/li>\n\n\n\n<li>analizator przewodno\u015bci cieplnej TRIDENT,<\/li>\n\n\n\n<li>16 stanowisk komputerowych do cel\u00f3w dydaktyczno-szkoleniowych wyposa\u017conych w oprogramowanie: <a href=\"https:\/\/www.plm.automation.siemens.com\/global\/en\/products\/nx\/\" target=\"_blank\" rel=\"noreferrer noopener\">NX<\/a>, <a href=\"https:\/\/www.plm.automation.siemens.com\/global\/en\/products\/simcenter\/STAR-CCM.html\" target=\"_blank\" rel=\"noreferrer noopener\">Star-CCM+<\/a>, <a href=\"https:\/\/www.ansys.com\/\" target=\"_blank\" rel=\"noreferrer noopener\">Ansys<\/a>, <a href=\"https:\/\/www.ebsilon.com\" target=\"_blank\" rel=\"noreferrer noopener\">Ebsilon Professional<\/a>, <a href=\"https:\/\/fchartsoftware.com\/ees\/\" target=\"_blank\" rel=\"noreferrer noopener\">Engineering Equation Solver EES,<\/a> <a href=\"https:\/\/www.trnsys.com\/\" target=\"_blank\" rel=\"noreferrer noopener\">TRNSYS<\/a>, <a href=\"https:\/\/www.code-saturne.org\" target=\"_blank\" rel=\"noreferrer noopener\">Code_Saturne<\/a>, <a href=\"https:\/\/www.openlb.net\/\" target=\"_blank\" rel=\"noreferrer noopener\">OpenLB<\/a>, <a href=\"https:\/\/www.autodesk.com\/pl\" target=\"_blank\" rel=\"noreferrer noopener\">Autodesk<\/a>, <a href=\"https:\/\/www.python.org\/\" target=\"_blank\" rel=\"noreferrer noopener\">Python<\/a>.<\/li>\n<\/ul>\n\n\n\n<p><strong>Oferta us\u0142ugowa<\/strong>:<\/p>\n\n\n\n<p>Wsp\u00f3\u0142praca naukowo-badawcza w zakresie:<\/p>\n\n\n\n<ul class=\"wp-block-list\">\n<li>analiz i modelowania zjawisk cieplno-przep\u0142ywowych, wymiany ciep\u0142a oraz proces\u00f3w spalania z zastosowaniem metod CFD,<\/li>\n\n\n\n<li>modelowania i symulacji pracy obieg\u00f3w termodynamicznych w parowych i gazowo-parowych technologiach energetycznych,<\/li>\n\n\n\n<li>analiz i modelowania system\u00f3w energetycznych w elektrowniach, elektrociep\u0142owniach, zak\u0142adach przemys\u0142owych oraz w hybrydowych systemach energetycznych bazuj\u0105cych na OZE,<\/li>\n\n\n\n<li>ekspertyz, projektowania i optymalizacji pracy urz\u0105dze\u0144, maszyn i system\u00f3w energetycznych z zastosowaniem wynik\u00f3w modelowania,<\/li>\n\n\n\n<li>analiz i symulacji komputerowych zjawisk zachodz\u0105cych w materia\u0142ach i strukturach porowatych,<\/li>\n\n\n\n<li>prototypowanie cz\u0119\u015bci i element\u00f3w dla energetyki (wykonanie prototypu badanego komponentu),<\/li>\n\n\n\n<li>nieinwazyjne wizyjne badania przep\u0142yw\u00f3w jedno- i wielofazowych, <\/li>\n\n\n\n<li>badania termowizyjne proces\u00f3w cieplnych w skali laboratoryjnej,<\/li>\n\n\n\n<li>zaawansowane badania i charakteryzacja termiczna materia\u0142\u00f3w: przewodno\u015b\u0107 cieplna, dyfuzyjno\u015b\u0107 cieplna, pojemno\u015b\u0107 cieplna materia\u0142\u00f3w w bardzo r\u00f3\u017cnych stanach: cia\u0142a sta\u0142e, ciecze, proszki, pasty.<\/li>\n<\/ul>\n\n\n\n<p><strong>Tematy badawcze realizowane w laboratorium<\/strong>:<\/p>\n\n\n\n<p><a href=\"https:\/\/nco2pp.mech.pg.gda.pl\/pl\" target=\"_blank\" rel=\"noreferrer noopener\">Projekt &#8211; Negative CO2 emission gas power plant<\/a><\/p>\n\n\n\n<p>Projekt &#8211; Intensyfikacja kondensacji w bezpo\u015brednim kontakcie poprzez formowanie kropli podczas rozpadu strumienia cieczy w o\u015brodku gazowym<\/p>\n\n\n\n<p><strong>Dydaktyka<\/strong><\/p>\n\n\n\n<p>W <strong>Laboratorium Komputerowego Modelowania Proces\u00f3w Cieplnych i Przep\u0142ywowych w Energetyce<\/strong> prowadzone s\u0105 zaj\u0119cia dla student\u00f3w I i II stopnia, w ramach przedmiot\u00f3w takich jak Termodynamika, Mechanika P\u0142yn\u00f3w, Technologie Energetyczne, Maszyny i Urz\u0105dzenia Energetyczne, Aerodynamics and Aeroelasticity, Computational Fluid Dynamics and Heat Transfer Modeling.<\/p>\n\n\n\n<figure class=\"wp-block-image size-full\"><img loading=\"lazy\" decoding=\"async\" width=\"2560\" height=\"1811\" src=\"http:\/\/galaxy.agh.edu.pl\/~madejski\/wp-content\/uploads\/2024\/12\/Lab1-scaled.jpg\" alt=\"\" class=\"wp-image-1314\" srcset=\"https:\/\/galaxy.agh.edu.pl\/~madejski\/wp-content\/uploads\/2024\/12\/Lab1-scaled.jpg 2560w, https:\/\/galaxy.agh.edu.pl\/~madejski\/wp-content\/uploads\/2024\/12\/Lab1-300x212.jpg 300w, https:\/\/galaxy.agh.edu.pl\/~madejski\/wp-content\/uploads\/2024\/12\/Lab1-1024x724.jpg 1024w, https:\/\/galaxy.agh.edu.pl\/~madejski\/wp-content\/uploads\/2024\/12\/Lab1-768x543.jpg 768w, https:\/\/galaxy.agh.edu.pl\/~madejski\/wp-content\/uploads\/2024\/12\/Lab1-1536x1087.jpg 1536w, https:\/\/galaxy.agh.edu.pl\/~madejski\/wp-content\/uploads\/2024\/12\/Lab1-2048x1449.jpg 2048w\" sizes=\"auto, (max-width: 2560px) 100vw, 2560px\" \/><\/figure>\n\n\n\n<div class=\"wp-block-group is-layout-grid wp-container-core-group-is-layout-9649a0d9 wp-block-group-is-layout-grid\">\n<figure class=\"wp-block-image size-large wp-container-content-e29552f7\"><img loading=\"lazy\" decoding=\"async\" width=\"1024\" height=\"768\" src=\"http:\/\/galaxy.agh.edu.pl\/~madejski\/wp-content\/uploads\/2024\/12\/1000016392-1024x768.jpg\" alt=\"\" class=\"wp-image-1336\" srcset=\"https:\/\/galaxy.agh.edu.pl\/~madejski\/wp-content\/uploads\/2024\/12\/1000016392-1024x768.jpg 1024w, https:\/\/galaxy.agh.edu.pl\/~madejski\/wp-content\/uploads\/2024\/12\/1000016392-300x225.jpg 300w, https:\/\/galaxy.agh.edu.pl\/~madejski\/wp-content\/uploads\/2024\/12\/1000016392-768x576.jpg 768w, https:\/\/galaxy.agh.edu.pl\/~madejski\/wp-content\/uploads\/2024\/12\/1000016392-1536x1152.jpg 1536w, https:\/\/galaxy.agh.edu.pl\/~madejski\/wp-content\/uploads\/2024\/12\/1000016392.jpg 1600w\" sizes=\"auto, (max-width: 1024px) 100vw, 1024px\" \/><\/figure>\n\n\n\n<figure class=\"wp-block-image size-large wp-container-content-e29552f7\"><img loading=\"lazy\" decoding=\"async\" width=\"1024\" height=\"768\" src=\"http:\/\/galaxy.agh.edu.pl\/~madejski\/wp-content\/uploads\/2024\/12\/1000016383-1024x768.jpg\" alt=\"\" class=\"wp-image-1337\" srcset=\"https:\/\/galaxy.agh.edu.pl\/~madejski\/wp-content\/uploads\/2024\/12\/1000016383-1024x768.jpg 1024w, https:\/\/galaxy.agh.edu.pl\/~madejski\/wp-content\/uploads\/2024\/12\/1000016383-300x225.jpg 300w, https:\/\/galaxy.agh.edu.pl\/~madejski\/wp-content\/uploads\/2024\/12\/1000016383-768x576.jpg 768w, https:\/\/galaxy.agh.edu.pl\/~madejski\/wp-content\/uploads\/2024\/12\/1000016383-1536x1152.jpg 1536w, https:\/\/galaxy.agh.edu.pl\/~madejski\/wp-content\/uploads\/2024\/12\/1000016383.jpg 1600w\" sizes=\"auto, (max-width: 1024px) 100vw, 1024px\" \/><\/figure>\n\n\n\n<figure class=\"wp-block-image size-large wp-container-content-e29552f7\"><img loading=\"lazy\" decoding=\"async\" width=\"1024\" height=\"768\" src=\"http:\/\/galaxy.agh.edu.pl\/~madejski\/wp-content\/uploads\/2024\/12\/1000016368-1024x768.jpg\" alt=\"\" class=\"wp-image-1338\" srcset=\"https:\/\/galaxy.agh.edu.pl\/~madejski\/wp-content\/uploads\/2024\/12\/1000016368-1024x768.jpg 1024w, https:\/\/galaxy.agh.edu.pl\/~madejski\/wp-content\/uploads\/2024\/12\/1000016368-300x225.jpg 300w, https:\/\/galaxy.agh.edu.pl\/~madejski\/wp-content\/uploads\/2024\/12\/1000016368-768x576.jpg 768w, https:\/\/galaxy.agh.edu.pl\/~madejski\/wp-content\/uploads\/2024\/12\/1000016368-1536x1152.jpg 1536w, https:\/\/galaxy.agh.edu.pl\/~madejski\/wp-content\/uploads\/2024\/12\/1000016368.jpg 1600w\" sizes=\"auto, (max-width: 1024px) 100vw, 1024px\" \/><\/figure>\n\n\n\n<figure class=\"wp-block-image size-large wp-container-content-e29552f7\"><img loading=\"lazy\" decoding=\"async\" width=\"1024\" height=\"768\" src=\"http:\/\/galaxy.agh.edu.pl\/~madejski\/wp-content\/uploads\/2024\/12\/1000016365-1024x768.jpg\" alt=\"\" class=\"wp-image-1339\" srcset=\"https:\/\/galaxy.agh.edu.pl\/~madejski\/wp-content\/uploads\/2024\/12\/1000016365-1024x768.jpg 1024w, https:\/\/galaxy.agh.edu.pl\/~madejski\/wp-content\/uploads\/2024\/12\/1000016365-300x225.jpg 300w, https:\/\/galaxy.agh.edu.pl\/~madejski\/wp-content\/uploads\/2024\/12\/1000016365-768x576.jpg 768w, https:\/\/galaxy.agh.edu.pl\/~madejski\/wp-content\/uploads\/2024\/12\/1000016365-1536x1152.jpg 1536w, https:\/\/galaxy.agh.edu.pl\/~madejski\/wp-content\/uploads\/2024\/12\/1000016365.jpg 1600w\" sizes=\"auto, (max-width: 1024px) 100vw, 1024px\" \/><\/figure>\n<\/div>\n\n\n\n<p><strong>Dodatkowe informacje<\/strong>:<\/p>\n\n\n\n<p>Oprogramowanie wykorzystywane w pracowni komputerowej to przede wszystkim: <\/p>\n\n\n\n<p><a href=\"https:\/\/www.plm.automation.siemens.com\/global\/en\/products\/nx\/\" target=\"_blank\" rel=\"noreferrer noopener\">NX<\/a>, <a href=\"https:\/\/www.plm.automation.siemens.com\/global\/en\/products\/simcenter\/STAR-CCM.html\" target=\"_blank\" rel=\"noreferrer noopener\">Star-CCM+<\/a>, <a href=\"https:\/\/www.ansys.com\/\" target=\"_blank\" rel=\"noreferrer noopener\">Ansys<\/a>, <a href=\"https:\/\/www.ebsilon.com\" target=\"_blank\" rel=\"noreferrer noopener\">Ebsilon Professional<\/a>, <a href=\"https:\/\/fchartsoftware.com\/ees\/\" target=\"_blank\" rel=\"noreferrer noopener\">Engineering Equation Solver EES,<\/a> <a href=\"https:\/\/www.trnsys.com\/\" target=\"_blank\" rel=\"noreferrer noopener\">TRNSYS<\/a>, <a href=\"https:\/\/www.code-saturne.org\" target=\"_blank\" rel=\"noreferrer noopener\">Code_Saturne<\/a>, <a href=\"https:\/\/www.openlb.net\/\" target=\"_blank\" rel=\"noreferrer noopener\">OpenLB<\/a>, <a href=\"https:\/\/www.autodesk.com\/pl\" target=\"_blank\" rel=\"noreferrer noopener\">Autodesk<\/a>, <a href=\"https:\/\/www.python.org\/\" target=\"_blank\" rel=\"noreferrer noopener\">Python<\/a><\/p>\n\n\n\n<p>Laboratorium dysponuje sprz\u0119tem umo\u017cliwiaj\u0105cym wykonanie metodami wytwarzania addytywnego (druk 3D) analizowanej geometrii w celach pokazowych oraz prowadzenia bada\u0144 eksperymentalnych. Laboratorium posiada dost\u0119p i mo\u017cliwo\u015bci weryfikacji eksperymentalnej wynik\u00f3w modelowania, przede wszystkim z wykorzystaniem dost\u0119pnej aparatury do przeprowadzania pomiar\u00f3w przep\u0142ywu, temperatury i ci\u015bnienia a tak\u017ce produkt\u00f3w proces\u00f3w spalania.<\/p>\n\n\n\n<figure class=\"wp-block-table is-style-stripes\"><table><tbody><tr><td><strong>Miejsce<\/strong>:<br>Wydzia\u0142 In\u017cynierii Mechanicznej i Robotyki<br>Katedra System\u00f3w Energetycznych<br>i Urz\u0105dze\u0144 Ochrony \u015arodowiska B3 s. 203<\/td><td>&nbsp;<\/td><td><strong>Rodzaj laboratorium<\/strong>:<br>Laboratorium badawczo-dydaktyczne<\/td><\/tr><\/tbody><\/table><figcaption class=\"wp-element-caption\"><strong>Osoba kontaktowa<\/strong>:<br>Pawe\u0142 Madejski,  12 617 39 59, e-mail: pawel.madejski@agh.edu.pl<\/figcaption><\/figure>\n\n\n\n<hr class=\"wp-block-separator has-css-opacity\"\/>\n\n\n\n<p class=\"has-text-align-center\"><strong><strong>Laboratory of Computational Modeling of Thermal and Flow <\/strong>Processes in Energy<\/strong><\/p>\n\n\n\n<p><strong>Research\/measurement opportunities:<\/strong><strong><\/strong><\/p>\n\n\n\n<p>The laboratory has high-performance computer equipment with software that allows for complex analyzes and simulations in the field of full-scale design using CAD tools, modeling of phenomena using CFD methods, modeling energy systems, and analyzes of irregular porous structures. The laboratory tests and uses methods and numerical tools that are used in the analysis of thermal, flow and combustion processes, as well as in the analysis of thermodynamic cycles used in energy technologies. The laboratory is equipped with:<\/p>\n\n\n\n<ul class=\"wp-block-list\">\n<li>3 high-performance workstations,<\/li>\n\n\n\n<li>professional CAD and CFD software,<\/li>\n\n\n\n<li>software for modeling, simulation and optimization of energy systems,<\/li>\n\n\n\n<li>3D printers, 3D scanner,<\/li>\n\n\n\n<li>high-speed camera,<\/li>\n\n\n\n<li>thermal camera,<\/li>\n\n\n\n<li>TRIDENT thermal conductivity analyzer,<\/li>\n\n\n\n<li>16 computer stations for teaching and training purposes equipped with software: <a href=\"https:\/\/www.plm.automation.siemens.com\/global\/en\/products\/nx\/\" target=\"_blank\" rel=\"noreferrer noopener\">NX<\/a>, <a href=\"https:\/\/www.plm.automation.siemens.com\/global\/en\/products\/simcenter\/STAR-CCM.html\" target=\"_blank\" rel=\"noreferrer noopener\">Star-CCM+<\/a>, <a href=\"https:\/\/www.ansys.com\/\" target=\"_blank\" rel=\"noreferrer noopener\">Ansys<\/a>, <a href=\"https:\/\/www.ebsilon.com\" target=\"_blank\" rel=\"noreferrer noopener\">Ebsilon Professional<\/a>, <a href=\"https:\/\/fchartsoftware.com\/ees\/\" target=\"_blank\" rel=\"noreferrer noopener\">Engineering Equation Solver EES,<\/a> <a href=\"https:\/\/www.trnsys.com\/\" target=\"_blank\" rel=\"noreferrer noopener\">TRNSYS<\/a>, <a href=\"https:\/\/www.code-saturne.org\" target=\"_blank\" rel=\"noreferrer noopener\">Code_Saturne<\/a>, <a href=\"https:\/\/www.openlb.net\/\" target=\"_blank\" rel=\"noreferrer noopener\">OpenLB<\/a>, <a href=\"https:\/\/www.autodesk.com\/pl\" target=\"_blank\" rel=\"noreferrer noopener\">Autodesk<\/a>, <a href=\"https:\/\/www.python.org\/\" target=\"_blank\" rel=\"noreferrer noopener\">Python<\/a>.<\/li>\n<\/ul>\n\n\n\n<p><strong>Offer<\/strong>:<\/p>\n\n\n\n<p>Scientific and research cooperation in the field of:<\/p>\n\n\n\n<ul class=\"wp-block-list\">\n<li>analysis and modeling of thermal and flow phenomena, heat transfer and combustion processes using CFD methods,<\/li>\n\n\n\n<li>modeling and simulation of thermodynamic cycles in steam and gas-steam energy technologies,<\/li>\n\n\n\n<li>analyzes and modeling of energy systems in power plants, combined heat and power plants, industrial plants and hybrid energy systems based on renewable energy sources,<\/li>\n\n\n\n<li>expertise, design and optimization of equipment, machinery and energy systems with the use of modeling results,<\/li>\n\n\n\n<li>analyzes and computer simulations of phenomena occurring in porous materials and structures,<br>non-invasive visual testing of single- and multi-phase flows,<\/li>\n\n\n\n<li>thermal imaging testing of thermal processes on a laboratory scale,<\/li>\n\n\n\n<li>advanced testing and thermal characterization of materials: thermal conductivity, thermal diffusivity, heat capacity of materials in very different states: solids, liquids, powders, pastes.<\/li>\n<\/ul>\n\n\n\n<p><strong>Research topics carried out in the laboratory:<\/strong><strong><\/strong><\/p>\n\n\n\n<p><a href=\"https:\/\/nco2pp.mech.pg.gda.pl\/pl\" target=\"_blank\" rel=\"noreferrer noopener\">Project &#8211; Negative CO2 emission gas power plant<\/a><\/p>\n\n\n\n<p>Project &#8211; Direct contact condensation intensification by droplet forming during break-down of liquid jet in a gaseous medium<\/p>\n\n\n\n<p><strong>Teaching <\/strong><\/p>\n\n\n\n<p>The <strong>Laboratory of Computer Modeling of Thermal and Flow Processes in Energy <\/strong>conducts classes for first and second cycle students, within subjects such as Thermodynamics, Fluid Mechanics, Energy Technologies, Energy Machines and Devices, Aerodynamics and Aeroelasticity, Computational Fluid Dynamics and Heat Transfer Modeling.<\/p>\n\n\n\n<p><strong>Additional information:<\/strong><\/p>\n\n\n\n<p>The software used in a computer lab is mainly:<\/p>\n\n\n\n<p><a href=\"https:\/\/www.trnsys.com\/\" target=\"_blank\" rel=\"noreferrer noopener\"><\/a><a href=\"https:\/\/www.plm.automation.siemens.com\/global\/en\/products\/nx\/\" target=\"_blank\" rel=\"noreferrer noopener\">NX<\/a>, <a href=\"https:\/\/www.plm.automation.siemens.com\/global\/en\/products\/simcenter\/STAR-CCM.html\" target=\"_blank\" rel=\"noreferrer noopener\">Star-CCM+<\/a>, <a href=\"https:\/\/www.ansys.com\/\" target=\"_blank\" rel=\"noreferrer noopener\">Ansys<\/a>, <a href=\"https:\/\/www.ebsilon.com\" target=\"_blank\" rel=\"noreferrer noopener\">Ebsilon Professional<\/a>, <a href=\"https:\/\/fchartsoftware.com\/ees\/\" target=\"_blank\" rel=\"noreferrer noopener\">Engineering Equation Solver EES,<\/a> <a href=\"https:\/\/www.trnsys.com\/\" target=\"_blank\" rel=\"noreferrer noopener\">TRNSYS<\/a>, <a href=\"https:\/\/www.code-saturne.org\" target=\"_blank\" rel=\"noreferrer noopener\">Code_Saturne<\/a>, <a href=\"https:\/\/www.openlb.net\/\" target=\"_blank\" rel=\"noreferrer noopener\">OpenLB<\/a>, <a href=\"https:\/\/www.autodesk.com\/pl\" target=\"_blank\" rel=\"noreferrer noopener\">Autodesk<\/a>, <a href=\"https:\/\/www.python.org\/\" target=\"_blank\" rel=\"noreferrer noopener\">Python<\/a><\/p>\n\n\n\n<p>Laboratory has equipment enabling the production of analyzed geometry using additive manufacturing methods (3D printing) for demonstration purposes and to conduct experimental research. Laboratory has access and the possibility of experimental verification of the modeling results, primarily with the use of available equipment for measuring flow, temperature and pressure, as well as the products of combustion processes.<\/p>\n\n\n\n<figure class=\"wp-block-table is-style-stripes\"><table><tbody><tr><td><strong>Location<\/strong>:<br>Faculty of Mechanical Engineering and Robotics<br>Department of Power Systems<br>and Environmental Protection Facilities<br>Building B3, room 203<\/td><td>&nbsp;<\/td><td><strong>Laboratory type<\/strong>:<br>Research and teaching laboratory<\/td><\/tr><\/tbody><\/table><figcaption class=\"wp-element-caption\"><strong>Contact person:<\/strong><br>Pawe\u0142 Madejski, 012&nbsp;617 39 59, e-mail: pawel.madejski@agh.edu.pl<\/figcaption><\/figure>\n","protected":false},"excerpt":{"rendered":"<p>Laboratorium Komputerowego Modelowania Proces\u00f3w Cieplnych i Przep\u0142ywowych w Energetyce Mo\u017cliwo\u015bci badawcze\/pomiarowe: Laboratorium dysponuje wysokowydajnym sprz\u0119tem komputerowym wraz z oprogramowaniem umo\u017cliwiaj\u0105cym prowadzenie z\u0142o\u017conych analiz i symulacji w zakresie pe\u0142nowymiarowego projektowania z wykorzystaniem narz\u0119dzi typu CAD, modelowania zjawisk z zastosowaniem metod CFD, modelowania system\u00f3w energetycznych (modelowanie procesowe), oraz analiz nieregularnych struktur porowatych. W laboratorium testowane i wykorzystywane <a class=\"read-more\" href=\"https:\/\/galaxy.agh.edu.pl\/~madejski\/lab-modeling-and-simulations\/\">READ MORE<\/a><\/p>\n","protected":false},"author":1,"featured_media":0,"parent":0,"menu_order":0,"comment_status":"closed","ping_status":"closed","template":"","meta":{"footnotes":""},"class_list":["post-834","page","type-page","status-publish","hentry"],"_links":{"self":[{"href":"https:\/\/galaxy.agh.edu.pl\/~madejski\/wp-json\/wp\/v2\/pages\/834","targetHints":{"allow":["GET"]}}],"collection":[{"href":"https:\/\/galaxy.agh.edu.pl\/~madejski\/wp-json\/wp\/v2\/pages"}],"about":[{"href":"https:\/\/galaxy.agh.edu.pl\/~madejski\/wp-json\/wp\/v2\/types\/page"}],"author":[{"embeddable":true,"href":"https:\/\/galaxy.agh.edu.pl\/~madejski\/wp-json\/wp\/v2\/users\/1"}],"replies":[{"embeddable":true,"href":"https:\/\/galaxy.agh.edu.pl\/~madejski\/wp-json\/wp\/v2\/comments?post=834"}],"version-history":[{"count":36,"href":"https:\/\/galaxy.agh.edu.pl\/~madejski\/wp-json\/wp\/v2\/pages\/834\/revisions"}],"predecessor-version":[{"id":1423,"href":"https:\/\/galaxy.agh.edu.pl\/~madejski\/wp-json\/wp\/v2\/pages\/834\/revisions\/1423"}],"wp:attachment":[{"href":"https:\/\/galaxy.agh.edu.pl\/~madejski\/wp-json\/wp\/v2\/media?parent=834"}],"curies":[{"name":"wp","href":"https:\/\/api.w.org\/{rel}","templated":true}]}}