{"id":1032,"date":"2023-07-14T10:52:00","date_gmt":"2023-07-14T08:52:00","guid":{"rendered":"http:\/\/galaxy.agh.edu.pl\/~madejski\/?page_id=1032"},"modified":"2023-07-14T10:52:01","modified_gmt":"2023-07-14T08:52:01","slug":"offer-for-scientific-and-research-cooperation","status":"publish","type":"page","link":"https:\/\/galaxy.agh.edu.pl\/~madejski\/en\/offer-for-scientific-and-research-cooperation\/","title":{"rendered":"Offer for scientific and research cooperation"},"content":{"rendered":"\n<p><strong>Mo\u017cliwo\u015bci realizacji prac naukowo-badawczych obejmuj\u0105:<\/strong><\/p>\n\n\n\n<ul class=\"wp-block-list\">\n<li>pe\u0142nowymiarowe modelowanie zjawisk cieplno-przep\u0142ywowych i wymiany ciep\u0142a oraz proces\u00f3w spalania z zastosowaniem metod CFD<\/li>\n\n\n\n<li>ekspertyzy z zakresu analiz i optymalizacji pracy urz\u0105dze\u0144, maszyn i system\u00f3w energetycznych z zastosowaniem wynik\u00f3w modelowania CFD<\/li>\n\n\n\n<li>analiz\u0119 i obliczenia pracy kot\u0142\u00f3w energetycznych,<\/li>\n\n\n\n<li>modelowanie i symulacje obieg\u00f3w termodynamicznych w uk\u0142adach energetycznych, elektrowniach, elektrociep\u0142owniach, zak\u0142adach przemys\u0142owych<\/li>\n\n\n\n<li>badania, obliczenia i modelowanie zjawisk cieplno-przep\u0142ywowych w materia\u0142ach i strukturach porowatych<\/li>\n<\/ul>\n\n\n\n<p><strong>Analiza sk\u0142adu spalin<\/strong><\/p>\n\n\n\n<p>Badania i analizy sk\u0142adu spalin podczas spalania paliw gazowych i sta\u0142ych. Pomiar w\u0142asno\u015bci oraz sk\u0142adu spalin (temperatura, ci\u015bnienie, pr\u0119dko\u015b\u0107, O2, CO, NO, NO2, CO2, CO2(IR), CxHy) z wykorzystaniem profesjonalnego analizatora spalin <a rel=\"noreferrer noopener\" href=\"https:\/\/www.testo.com\/pl-PL\/testo-350\/p\/0632-3510?gclid=EAIaIQobChMI4Zb8jb7p7AIVideyCh0ijw6MEAAYASAAEgKP0vD_BwE\" target=\"_blank\">TESTO 350<\/a><\/p>\n\n\n\n<figure class=\"wp-block-image\"><img loading=\"lazy\" decoding=\"async\" width=\"638\" height=\"875\" src=\"http:\/\/galaxy.agh.edu.pl\/~madejski\/wp-content\/uploads\/2021\/03\/TESTO350_WIMiR.png\" alt=\"\" class=\"wp-image-618\" srcset=\"https:\/\/galaxy.agh.edu.pl\/~madejski\/wp-content\/uploads\/2021\/03\/TESTO350_WIMiR.png 638w, https:\/\/galaxy.agh.edu.pl\/~madejski\/wp-content\/uploads\/2021\/03\/TESTO350_WIMiR-219x300.png 219w\" sizes=\"auto, (max-width: 638px) 100vw, 638px\" \/><\/figure>\n\n\n\n<p><strong>Rejestracja ekstremalnie szybkich proces\u00f3w<\/strong><\/p>\n\n\n\n<p>Badania ekstremalnie szybkich proces\u00f3w z wykorzystaniem systemu wizyjnego w postaci szybkiej kamery Phantom Miro C211 8GB color.<\/p>\n\n\n\n<p>Sensor: CMOS 1280 x 1024 px kolor<br>Maksymalna rozdzielczo\u015b\u0107: 1280 x 1024<br>Liczba klatek na sekund\u0119: 1800 FPS dla rozdzielczo\u015bci 1280 x 1024px<br>Czu\u0142o\u015b\u0107 \u015bwietlna: ISO 640<br>Pami\u0119\u0107: 8GB<br>Rozmiar piksela: 5.6\u03bcm<br>Maks. pr\u0119dko\u015b\u0107 nagrywania: 67 140 fps przy rozdzielczo\u015bci 64 x 8 pikseli<\/p>\n\n\n\n<figure class=\"wp-block-image\"><img loading=\"lazy\" decoding=\"async\" width=\"542\" height=\"402\" src=\"http:\/\/galaxy.agh.edu.pl\/~madejski\/wp-content\/uploads\/2023\/07\/obraz.png\" alt=\"\" class=\"wp-image-936\" srcset=\"https:\/\/galaxy.agh.edu.pl\/~madejski\/wp-content\/uploads\/2023\/07\/obraz.png 542w, https:\/\/galaxy.agh.edu.pl\/~madejski\/wp-content\/uploads\/2023\/07\/obraz-300x223.png 300w\" sizes=\"auto, (max-width: 542px) 100vw, 542px\" \/><\/figure>\n\n\n\n<p><strong><a href=\"http:\/\/galaxy.agh.edu.pl\/~madejski\/lab-modeling-and-simulations\/\" target=\"_blank\" rel=\"noreferrer noopener\">Modelowanie i symulacje<\/a><\/strong><\/p>\n\n\n\n<p>Tworzenie modeli i przeprowadzanie symulacji z wykorzystaniem profesjonalnych program\u00f3w komputerowych: <a rel=\"noreferrer noopener\" href=\"https:\/\/www.plm.automation.siemens.com\/global\/en\/products\/nx\/\" target=\"_blank\">NX<\/a>, <a rel=\"noreferrer noopener\" href=\"https:\/\/www.plm.automation.siemens.com\/global\/en\/products\/simcenter\/STAR-CCM.html\" target=\"_blank\">Star-CCM+<\/a>, <a rel=\"noreferrer noopener\" href=\"https:\/\/www.ansys.com\/\" target=\"_blank\">Ansys<\/a>, <a rel=\"noreferrer noopener\" href=\"https:\/\/www.ebsilon.com\" target=\"_blank\">Ebsilon Professional<\/a>, <a rel=\"noreferrer noopener\" href=\"https:\/\/fchartsoftware.com\/ees\/\" target=\"_blank\">Engineering Equation Solver EES,<\/a> <a rel=\"noreferrer noopener\" href=\"https:\/\/www.trnsys.com\/\" target=\"_blank\">TRNSYS<\/a>, <a rel=\"noreferrer noopener\" href=\"https:\/\/www.code-saturne.org\" target=\"_blank\">Code_Saturne<\/a>, <a rel=\"noreferrer noopener\" href=\"https:\/\/www.openlb.net\/\" target=\"_blank\">OpenLB<\/a> <a href=\"http:\/\/galaxy.agh.edu.pl\/~madejski\/wp-admin\/post.php?post=538&amp;action=edit\">Edit<\/a><\/p>\n","protected":false},"excerpt":{"rendered":"<p>Mo\u017cliwo\u015bci realizacji prac naukowo-badawczych obejmuj\u0105: Analiza sk\u0142adu spalin Badania i analizy sk\u0142adu spalin podczas spalania paliw gazowych i sta\u0142ych. Pomiar w\u0142asno\u015bci oraz sk\u0142adu spalin (temperatura, ci\u015bnienie, pr\u0119dko\u015b\u0107, O2, CO, NO, NO2, CO2, CO2(IR), CxHy) z wykorzystaniem profesjonalnego analizatora spalin TESTO 350 Rejestracja ekstremalnie szybkich proces\u00f3w Badania ekstremalnie szybkich proces\u00f3w z wykorzystaniem systemu wizyjnego w postaci <a class=\"read-more\" href=\"https:\/\/galaxy.agh.edu.pl\/~madejski\/en\/offer-for-scientific-and-research-cooperation\/\">READ MORE<\/a><\/p>\n","protected":false},"author":1,"featured_media":0,"parent":0,"menu_order":0,"comment_status":"closed","ping_status":"closed","template":"","meta":{"footnotes":""},"class_list":["post-1032","page","type-page","status-publish","hentry"],"_links":{"self":[{"href":"https:\/\/galaxy.agh.edu.pl\/~madejski\/wp-json\/wp\/v2\/pages\/1032","targetHints":{"allow":["GET"]}}],"collection":[{"href":"https:\/\/galaxy.agh.edu.pl\/~madejski\/wp-json\/wp\/v2\/pages"}],"about":[{"href":"https:\/\/galaxy.agh.edu.pl\/~madejski\/wp-json\/wp\/v2\/types\/page"}],"author":[{"embeddable":true,"href":"https:\/\/galaxy.agh.edu.pl\/~madejski\/wp-json\/wp\/v2\/users\/1"}],"replies":[{"embeddable":true,"href":"https:\/\/galaxy.agh.edu.pl\/~madejski\/wp-json\/wp\/v2\/comments?post=1032"}],"version-history":[{"count":2,"href":"https:\/\/galaxy.agh.edu.pl\/~madejski\/wp-json\/wp\/v2\/pages\/1032\/revisions"}],"predecessor-version":[{"id":1034,"href":"https:\/\/galaxy.agh.edu.pl\/~madejski\/wp-json\/wp\/v2\/pages\/1032\/revisions\/1034"}],"wp:attachment":[{"href":"https:\/\/galaxy.agh.edu.pl\/~madejski\/wp-json\/wp\/v2\/media?parent=1032"}],"curies":[{"name":"wp","href":"https:\/\/api.w.org\/{rel}","templated":true}]}}