{"id":2,"date":"2017-03-31T21:23:36","date_gmt":"2017-03-31T19:23:36","guid":{"rendered":"http:\/\/galaxy.agh.edu.pl\/~kurcz\/?page_id=2"},"modified":"2023-01-19T23:38:08","modified_gmt":"2023-01-19T22:38:08","slug":"przykladowa-strona","status":"publish","type":"page","link":"https:\/\/galaxy.agh.edu.pl\/~kurcz\/","title":{"rendered":"Strona G\u0142\u00f3wna"},"content":{"rendered":"<div class=\"csRow\">\n<div class=\"csColumnGap\" style=\"margin: 0px; padding: 0px; float: left; width: 1.56%;\"><img decoding=\"async\" style=\"border: none;\" src=\"http:\/\/galaxy.agh.edu.pl\/~kurcz\/wp-content\/plugins\/advanced-wp-columns\/assets\/js\/plugins\/views\/img\/1x1-pixel.png\" \/><\/div>\n<div class=\"csColumn\" style=\"margin: 0px; padding: 0px; float: left; width: 30.2%;\" data-csstartpoint=\"15\" data-csendpoint=\"305\" data-cswidth=\"30.2%\" data-csid=\"ca895b1c-b64b-5895-a81d-784ec8da5ab0\">\n<h2 style=\"text-align: center;\"><img loading=\"lazy\" decoding=\"async\" class=\"aligncenter\" src=\"gallery.png\" alt=\"\" width=\"60\" height=\"60\" \/><\/h2>\n<h2 style=\"text-align: center;\">Galeria<\/h2>\n<p style=\"text-align: justify; text-align-last: left; line-height: 1,2;\">Fotorelacje z inauguracji i zako\u0144czenia sezonu, rejs\u00f3w i regat klubowych,\u00a0zawod\u00f3w narciarskich, wigilii klubowych, bali sylwestrowych etc.<\/p>\n<p style=\"text-align: center; margin-top: 30px;\"><strong><a class=\"maxbutton-3 maxbutton maxbutton-galeria\" href=\"https:\/\/www.flickr.com\/photos\/149786662@N04\/collections\"><span class='mb-text'>Zobacz<\/span><\/a><\/strong><\/p>\n<\/div>\n<div class=\"csColumnGap\" style=\"margin: 0px; padding: 0px; float: left; width: 3.13%;\"><img decoding=\"async\" style=\"border: none;\" src=\"http:\/\/galaxy.agh.edu.pl\/~kurcz\/wp-content\/plugins\/advanced-wp-columns\/assets\/js\/plugins\/views\/img\/1x1-pixel.png\" \/><\/div>\n<div class=\"csColumn\" style=\"margin: 0px; padding: 0px; float: left; width: 30.2%;\" data-csstartpoint=\"335\" data-csendpoint=\"625\" data-cswidth=\"30.2%\" data-csid=\"726e2895-73c3-0bae-86f3-0b458f8261da\">\n<h2 style=\"text-align: center;\"><img loading=\"lazy\" decoding=\"async\" class=\"aligncenter\" src=\"calc.png\" alt=\"\" width=\"60\" height=\"60\" \/><\/h2>\n<h2 style=\"text-align: center;\">Terminarz<\/h2>\n<p style=\"text-align: justify; text-align-last: left;\">Terminarz na ca\u0142y rok spotka\u0144 klubu. <\/p>\n<p style=\"text-align: center; margin-top: 30px;\"><strong><a class=\"maxbutton-2 maxbutton maxbutton-terminarz\" href=\"http:\/\/galaxy.agh.edu.pl\/~kurcz\/?page_id=214\"><span class='mb-text'>Zobacz<\/span><\/a><\/strong><\/p>\n<\/div>\n<div class=\"csColumnGap\" style=\"margin: 0px; padding: 0px; float: left; width: 3.13%;\"><img decoding=\"async\" style=\"border: none;\" src=\"http:\/\/galaxy.agh.edu.pl\/~kurcz\/wp-content\/plugins\/advanced-wp-columns\/assets\/js\/plugins\/views\/img\/1x1-pixel.png\" \/><\/div>\n<div class=\"csColumn\" style=\"margin: 0px; padding: 0px; float: left; width: 30.2%;\" data-csstartpoint=\"655\" data-csendpoint=\"945\" data-cswidth=\"30.2%\" data-csid=\"b5ccb157-86a5-ae00-ab0b-71ba360bcfbd\">\n<h2 style=\"text-align: center;\"><img loading=\"lazy\" decoding=\"async\" class=\"aligncenter\" src=\"note.png\" alt=\"\" width=\"60\" height=\"60\" \/><\/h2>\n<h2 style=\"text-align: center;\">Szanty<\/h2>\n<p style=\"text-align: justify; text-align-last: left;\">Znajomo\u015b\u0107 pie\u015bni \u017ceglarskich \u00a0to nieod\u0142\u0105czny element \u017cycia ka\u017cdego prawdziwego \u017ceglarza. Poznaj ulubione szanty\u00a0 S.H.S. Hugill.<\/p>\n<p style=\"text-align: center; margin-top: 30px;\"><strong><a class=\"maxbutton-1 maxbutton maxbutton-szanty\" href=\"http:\/\/galaxy.agh.edu.pl\/~kurcz\/?page_id=236\"><span class='mb-text'>Zobacz<\/span><\/a><\/strong><\/p>\n<\/div>\n<div class=\"csColumnGap\" style=\"margin: 0px; padding: 0px; float: left; width: 1.56%;\"><img decoding=\"async\" style=\"border: none;\" src=\"http:\/\/galaxy.agh.edu.pl\/~kurcz\/wp-content\/plugins\/advanced-wp-columns\/assets\/js\/plugins\/views\/img\/1x1-pixel.png\" \/><\/div>\n<div style=\"clear: both; float: none; display: block; visibility: hidden; width: 0px; font-size: 0px; line-height: 0;\"><\/div>\n<\/div>\n","protected":false},"excerpt":{"rendered":"<p>Galeria Fotorelacje z inauguracji i zako\u0144czenia sezonu, rejs\u00f3w i regat klubowych,\u00a0zawod\u00f3w narciarskich, wigilii klubowych, bali sylwestrowych etc. Terminarz Terminarz na&nbsp;[&hellip;]<\/p>\n","protected":false},"author":1,"featured_media":0,"parent":0,"menu_order":0,"comment_status":"closed","ping_status":"open","template":"page-templates\/template_fullwidth.php","meta":{"footnotes":""},"class_list":["post-2","page","type-page","status-publish","hentry","post-item clearfix"],"_links":{"self":[{"href":"https:\/\/galaxy.agh.edu.pl\/~kurcz\/index.php?rest_route=\/wp\/v2\/pages\/2","targetHints":{"allow":["GET"]}}],"collection":[{"href":"https:\/\/galaxy.agh.edu.pl\/~kurcz\/index.php?rest_route=\/wp\/v2\/pages"}],"about":[{"href":"https:\/\/galaxy.agh.edu.pl\/~kurcz\/index.php?rest_route=\/wp\/v2\/types\/page"}],"author":[{"embeddable":true,"href":"https:\/\/galaxy.agh.edu.pl\/~kurcz\/index.php?rest_route=\/wp\/v2\/users\/1"}],"replies":[{"embeddable":true,"href":"https:\/\/galaxy.agh.edu.pl\/~kurcz\/index.php?rest_route=%2Fwp%2Fv2%2Fcomments&post=2"}],"version-history":[{"count":78,"href":"https:\/\/galaxy.agh.edu.pl\/~kurcz\/index.php?rest_route=\/wp\/v2\/pages\/2\/revisions"}],"predecessor-version":[{"id":345,"href":"https:\/\/galaxy.agh.edu.pl\/~kurcz\/index.php?rest_route=\/wp\/v2\/pages\/2\/revisions\/345"}],"wp:attachment":[{"href":"https:\/\/galaxy.agh.edu.pl\/~kurcz\/index.php?rest_route=%2Fwp%2Fv2%2Fmedia&parent=2"}],"curies":[{"name":"wp","href":"https:\/\/api.w.org\/{rel}","templated":true}]}}